{"id":227,"date":"2021-03-04T15:04:26","date_gmt":"2021-03-04T14:04:26","guid":{"rendered":"http:\/\/psychologuerodez.fr\/?page_id=227"},"modified":"2025-01-08T19:19:29","modified_gmt":"2025-01-08T18:19:29","slug":"la-consultation-duree-frequence-tarif","status":"publish","type":"page","link":"https:\/\/psychologuerodez.fr\/?page_id=227","title":{"rendered":"La consultation &#038; Tarifs"},"content":{"rendered":"\t\t<div data-elementor-type=\"wp-page\" data-elementor-id=\"227\" class=\"elementor elementor-227\" data-elementor-settings=\"[]\">\n\t\t\t\t\t\t<div class=\"elementor-inner\">\n\t\t\t\t\t\t\t<div class=\"elementor-section-wrap\">\n\t\t\t\t\t\t\t<section class=\"elementor-section elementor-top-section elementor-element elementor-element-e9d3ed4 elementor-section-height-min-height elementor-section-content-middle elementor-section-boxed elementor-section-height-default elementor-section-items-middle\" data-id=\"e9d3ed4\" data-element_type=\"section\" data-settings=\"{&quot;background_background&quot;:&quot;classic&quot;}\">\n\t\t\t\t\t\t<div class=\"elementor-container elementor-column-gap-default\">\n\t\t\t\t\t\t\t<div class=\"elementor-row\">\n\t\t\t\t\t<div class=\"elementor-column elementor-col-100 elementor-top-column elementor-element elementor-element-2a4eef6\" data-id=\"2a4eef6\" data-element_type=\"column\">\n\t\t\t<div class=\"elementor-column-wrap elementor-element-populated\">\n\t\t\t\t\t\t\t<div class=\"elementor-widget-wrap\">\n\t\t\t\t\t\t<div class=\"elementor-element elementor-element-22f3ea2 elementor-widget elementor-widget-heading\" data-id=\"22f3ea2\" data-element_type=\"widget\" data-widget_type=\"heading.default\">\n\t\t\t\t<div class=\"elementor-widget-container\">\n\t\t\t<h2 class=\"elementor-heading-title elementor-size-default\">La consultation<\/h2>\t\t<\/div>\n\t\t\t\t<\/div>\n\t\t\t\t<div class=\"elementor-element elementor-element-5dc3898 elementor-widget elementor-widget-text-editor\" data-id=\"5dc3898\" data-element_type=\"widget\" data-widget_type=\"text-editor.default\">\n\t\t\t\t<div class=\"elementor-widget-container\">\n\t\t\t\t\t<div class=\"elementor-text-editor elementor-clearfix\"><p>\u00ab\u00a0<b>Parler, c&rsquo;est agir : toute chose qu&rsquo;on nomme n&rsquo;est d\u00e9j\u00e0 plus tout \u00e0 fait la m\u00eame chose\u00a0\u00bb.&nbsp;<\/b><\/p><p><b style=\"font-size: 20px;\">Jean-Paul SARTRE<\/b><\/p><\/div>\n\t\t\t\t<\/div>\n\t\t\t\t<\/div>\n\t\t\t\t<div class=\"elementor-element elementor-element-0e3842d elementor-widget elementor-widget-image\" data-id=\"0e3842d\" data-element_type=\"widget\" data-widget_type=\"image.default\">\n\t\t\t\t<div class=\"elementor-widget-container\">\n\t\t\t\t\t<div class=\"elementor-image\">\n\t\t\t\t\t\t\t\t\t\t<img width=\"612\" height=\"325\" src=\"https:\/\/psychologuerodez.fr\/wp-content\/uploads\/2021\/03\/istockphoto-165817944-612x612-1.jpg\" class=\"attachment-full size-full\" alt=\"\" loading=\"lazy\" srcset=\"https:\/\/psychologuerodez.fr\/wp-content\/uploads\/2021\/03\/istockphoto-165817944-612x612-1.jpg 612w, https:\/\/psychologuerodez.fr\/wp-content\/uploads\/2021\/03\/istockphoto-165817944-612x612-1-300x159.jpg 300w\" sizes=\"(max-width: 612px) 100vw, 612px\" \/>\t\t\t\t\t\t\t\t\t\t\t<\/div>\n\t\t\t\t<\/div>\n\t\t\t\t<\/div>\n\t\t\t\t\t\t<\/div>\n\t\t\t\t\t<\/div>\n\t\t<\/div>\n\t\t\t\t\t\t\t\t<\/div>\n\t\t\t\t\t<\/div>\n\t\t<\/section>\n\t\t\t\t<section class=\"elementor-section elementor-top-section elementor-element elementor-element-6f3ed0ee elementor-section-content-middle elementor-section-boxed elementor-section-height-default elementor-section-height-default\" data-id=\"6f3ed0ee\" data-element_type=\"section\">\n\t\t\t\t\t\t<div class=\"elementor-container elementor-column-gap-default\">\n\t\t\t\t\t\t\t<div class=\"elementor-row\">\n\t\t\t\t\t<div class=\"elementor-column elementor-col-100 elementor-top-column elementor-element elementor-element-b4e8b4f\" data-id=\"b4e8b4f\" data-element_type=\"column\">\n\t\t\t<div class=\"elementor-column-wrap elementor-element-populated\">\n\t\t\t\t\t\t\t<div class=\"elementor-widget-wrap\">\n\t\t\t\t\t\t<div class=\"elementor-element elementor-element-68ca931 elementor-widget elementor-widget-heading\" data-id=\"68ca931\" data-element_type=\"widget\" data-widget_type=\"heading.default\">\n\t\t\t\t<div class=\"elementor-widget-container\">\n\t\t\t<h2 class=\"elementor-heading-title elementor-size-large\">le 1er entretien<\/h2>\t\t<\/div>\n\t\t\t\t<\/div>\n\t\t\t\t<div class=\"elementor-element elementor-element-21834276 elementor-widget-divider--view-line elementor-widget elementor-widget-divider\" data-id=\"21834276\" data-element_type=\"widget\" data-widget_type=\"divider.default\">\n\t\t\t\t<div class=\"elementor-widget-container\">\n\t\t\t\t\t<div class=\"elementor-divider\">\n\t\t\t<span class=\"elementor-divider-separator\">\n\t\t\t\t\t\t<\/span>\n\t\t<\/div>\n\t\t\t\t<\/div>\n\t\t\t\t<\/div>\n\t\t\t\t<div class=\"elementor-element elementor-element-bb6250e elementor-widget elementor-widget-text-editor\" data-id=\"bb6250e\" data-element_type=\"widget\" data-widget_type=\"text-editor.default\">\n\t\t\t\t<div class=\"elementor-widget-container\">\n\t\t\t\t\t<div class=\"elementor-text-editor elementor-clearfix\"><p>La 1\u00e8re consultation est avant tout <strong>une rencontre<\/strong>. Lors de cette 1\u00e8re prise de contact, je vous invite \u00e0 exposer les raisons qui vous am\u00e8nent \u00e0 consulter.\u00a0<\/p><p>Il s&rsquo;agira, alors, d&rsquo;accueillir votre demande et de pr\u00e9ciser, parfois, certains \u00e9l\u00e9ments de votre histoire et\/ou de votre contexte de vie. De mon c\u00f4t\u00e9, je m&rsquo;attacherai \u00e0 savoir si votre probl\u00e9matique rel\u00e8ve de mon champs de comp\u00e9tences et si tel est le cas, je vous expliquerai ma mani\u00e8re de travailler. Par la suite, sentez-vous libre de\u00a0<span style=\"font-size: 14px;\">donner suite ou non \u00e0 ce 1er entretien.<\/span><\/p><p><span style=\"font-size: 14px;\">Dans le cas o\u00f9 j&rsquo;estimerai que mon approche ne serait pas la plus adapt\u00e9e \u00e0 votre situation, je vous orienterai vers le professionnel ad\u00e9quat.\u00a0\u00a0<\/span><\/p><p>Par ailleurs, si la consultation en pr\u00e9sentiel s&rsquo;av\u00e9rait impossible (contexte sanitaire, difficult\u00e9s \u00e0 se d\u00e9placer, horaires atypiques&#8230;), <strong>des consultations en ligne ou en visio sont \u00e9galement possibles.<\/strong><\/p><\/div>\n\t\t\t\t<\/div>\n\t\t\t\t<\/div>\n\t\t\t\t<div class=\"elementor-element elementor-element-4a1fbfa elementor-align-center elementor-widget elementor-widget-button\" data-id=\"4a1fbfa\" data-element_type=\"widget\" data-widget_type=\"button.default\">\n\t\t\t\t<div class=\"elementor-widget-container\">\n\t\t\t\t\t<div class=\"elementor-button-wrapper\">\n\t\t\t<a href=\"http:\/\/psychologuerodez.fr\/?page_id=322\" class=\"elementor-button-link elementor-button elementor-size-sm\" role=\"button\">\n\t\t\t\t\t\t<span class=\"elementor-button-content-wrapper\">\n\t\t\t\t\t\t<span class=\"elementor-button-text\">En savoir plus sur la consultation en ligne<\/span>\n\t\t<\/span>\n\t\t\t\t\t<\/a>\n\t\t<\/div>\n\t\t\t\t<\/div>\n\t\t\t\t<\/div>\n\t\t\t\t\t\t<\/div>\n\t\t\t\t\t<\/div>\n\t\t<\/div>\n\t\t\t\t\t\t\t\t<\/div>\n\t\t\t\t\t<\/div>\n\t\t<\/section>\n\t\t\t\t<section class=\"elementor-section elementor-top-section elementor-element elementor-element-5db195d6 elementor-section-boxed elementor-section-height-default elementor-section-height-default\" data-id=\"5db195d6\" data-element_type=\"section\" data-settings=\"{&quot;background_background&quot;:&quot;classic&quot;}\">\n\t\t\t\t\t\t<div class=\"elementor-container elementor-column-gap-no\">\n\t\t\t\t\t\t\t<div class=\"elementor-row\">\n\t\t\t\t\t<div class=\"elementor-column elementor-col-100 elementor-top-column elementor-element elementor-element-2e224656\" data-id=\"2e224656\" data-element_type=\"column\">\n\t\t\t<div class=\"elementor-column-wrap elementor-element-populated\">\n\t\t\t\t\t\t\t<div class=\"elementor-widget-wrap\">\n\t\t\t\t\t\t<section class=\"elementor-section elementor-inner-section elementor-element elementor-element-6d487290 elementor-section-content-middle elementor-reverse-mobile elementor-section-boxed elementor-section-height-default elementor-section-height-default\" data-id=\"6d487290\" data-element_type=\"section\">\n\t\t\t\t\t\t<div class=\"elementor-container elementor-column-gap-no\">\n\t\t\t\t\t\t\t<div class=\"elementor-row\">\n\t\t\t\t\t<div class=\"elementor-column elementor-col-50 elementor-inner-column elementor-element elementor-element-727e32d4\" data-id=\"727e32d4\" data-element_type=\"column\" data-settings=\"{&quot;background_background&quot;:&quot;slideshow&quot;,&quot;background_slideshow_gallery&quot;:[{&quot;id&quot;:144,&quot;url&quot;:&quot;http:\\\/\\\/psychologuerodez.fr\\\/wp-content\\\/uploads\\\/2021\\\/03\\\/istockphoto-1140393669-612x612-1.jpg&quot;},{&quot;id&quot;:169,&quot;url&quot;:&quot;http:\\\/\\\/psychologuerodez.fr\\\/wp-content\\\/uploads\\\/2021\\\/03\\\/istockphoto-1296370346-612x612-1.jpg&quot;},{&quot;id&quot;:175,&quot;url&quot;:&quot;http:\\\/\\\/psychologuerodez.fr\\\/wp-content\\\/uploads\\\/2021\\\/03\\\/istockphoto-1301750073-612x612-1.jpg&quot;},{&quot;id&quot;:135,&quot;url&quot;:&quot;http:\\\/\\\/psychologuerodez.fr\\\/wp-content\\\/uploads\\\/2021\\\/03\\\/istockphoto-1011194606-612x612-1.jpg&quot;},{&quot;id&quot;:103,&quot;url&quot;:&quot;http:\\\/\\\/psychologuerodez.fr\\\/wp-content\\\/uploads\\\/2021\\\/03\\\/istockphoto-519664446-612x612-1.jpg&quot;},{&quot;id&quot;:122,&quot;url&quot;:&quot;http:\\\/\\\/psychologuerodez.fr\\\/wp-content\\\/uploads\\\/2021\\\/03\\\/istockphoto-888168458-612x612-1.jpg&quot;}],&quot;background_slideshow_slide_transition&quot;:&quot;slide_left&quot;,&quot;background_slideshow_loop&quot;:&quot;yes&quot;,&quot;background_slideshow_slide_duration&quot;:5000,&quot;background_slideshow_transition_duration&quot;:500}\">\n\t\t\t<div class=\"elementor-column-wrap elementor-element-populated\">\n\t\t\t\t\t\t\t<div class=\"elementor-widget-wrap\">\n\t\t\t\t\t\t<div class=\"elementor-element elementor-element-4ca89383 elementor-widget elementor-widget-spacer\" data-id=\"4ca89383\" data-element_type=\"widget\" data-widget_type=\"spacer.default\">\n\t\t\t\t<div class=\"elementor-widget-container\">\n\t\t\t\t\t<div class=\"elementor-spacer\">\n\t\t\t<div class=\"elementor-spacer-inner\"><\/div>\n\t\t<\/div>\n\t\t\t\t<\/div>\n\t\t\t\t<\/div>\n\t\t\t\t\t\t<\/div>\n\t\t\t\t\t<\/div>\n\t\t<\/div>\n\t\t\t\t<div class=\"elementor-column elementor-col-50 elementor-inner-column elementor-element elementor-element-8a9de12\" data-id=\"8a9de12\" data-element_type=\"column\" data-settings=\"{&quot;background_background&quot;:&quot;classic&quot;}\">\n\t\t\t<div class=\"elementor-column-wrap elementor-element-populated\">\n\t\t\t\t\t\t\t<div class=\"elementor-widget-wrap\">\n\t\t\t\t\t\t<div class=\"elementor-element elementor-element-498c373e elementor-widget elementor-widget-heading\" data-id=\"498c373e\" data-element_type=\"widget\" data-widget_type=\"heading.default\">\n\t\t\t\t<div class=\"elementor-widget-container\">\n\t\t\t<h3 class=\"elementor-heading-title elementor-size-large\">la dur\u00e9e<\/h3>\t\t<\/div>\n\t\t\t\t<\/div>\n\t\t\t\t<div class=\"elementor-element elementor-element-60700e55 elementor-widget-divider--view-line elementor-widget elementor-widget-divider\" data-id=\"60700e55\" data-element_type=\"widget\" data-widget_type=\"divider.default\">\n\t\t\t\t<div class=\"elementor-widget-container\">\n\t\t\t\t\t<div class=\"elementor-divider\">\n\t\t\t<span class=\"elementor-divider-separator\">\n\t\t\t\t\t\t<\/span>\n\t\t<\/div>\n\t\t\t\t<\/div>\n\t\t\t\t<\/div>\n\t\t\t\t<div class=\"elementor-element elementor-element-55c08e6d elementor-widget elementor-widget-text-editor\" data-id=\"55c08e6d\" data-element_type=\"widget\" data-widget_type=\"text-editor.default\">\n\t\t\t\t<div class=\"elementor-widget-container\">\n\t\t\t\t\t<div class=\"elementor-text-editor elementor-clearfix\"><ul><li>Le 1er entretien dure environ 1h.\u00a0<\/li><li>Les entretiens suivants durent <b>45 minutes.<\/b><\/li><li>Quant \u00e0 l<u>a dur\u00e9e de la th\u00e9rapie<\/u> : elle est variable. Si dans nos repr\u00e9sentations, il est courant de penser qu&rsquo;un travail th\u00e9rapeutique peut durer des ann\u00e9es, ce n&rsquo;est pas forc\u00e9ment le cas. Parfois, 2 ou 3 s\u00e9ances suffisent, l\u00e0 o\u00f9 plusieurs semaines ou mois sont n\u00e9cessaires pour d&rsquo;autres. L&rsquo;essentiel est toujours de respecter votre temporalit\u00e9.<\/li><li><span style=\"text-decoration: underline;\">Les bilans psychom\u00e9triques :<\/span> ils durent en g\u00e9n\u00e9ral <strong>entre 1h30 et 2h.<\/strong> Pour les enfants, et selon leur \u00e2ge, ils peuvent se faire en plusieurs fois.<\/li><\/ul><\/div>\n\t\t\t\t<\/div>\n\t\t\t\t<\/div>\n\t\t\t\t\t\t<\/div>\n\t\t\t\t\t<\/div>\n\t\t<\/div>\n\t\t\t\t\t\t\t\t<\/div>\n\t\t\t\t\t<\/div>\n\t\t<\/section>\n\t\t\t\t<section class=\"elementor-section elementor-inner-section elementor-element elementor-element-3c104755 elementor-section-content-middle elementor-section-boxed elementor-section-height-default elementor-section-height-default\" data-id=\"3c104755\" data-element_type=\"section\">\n\t\t\t\t\t\t<div class=\"elementor-container elementor-column-gap-no\">\n\t\t\t\t\t\t\t<div class=\"elementor-row\">\n\t\t\t\t\t<div class=\"elementor-column elementor-col-50 elementor-inner-column elementor-element elementor-element-f78c548\" data-id=\"f78c548\" data-element_type=\"column\" data-settings=\"{&quot;background_background&quot;:&quot;classic&quot;}\">\n\t\t\t<div class=\"elementor-column-wrap elementor-element-populated\">\n\t\t\t\t\t\t\t<div class=\"elementor-widget-wrap\">\n\t\t\t\t\t\t<div class=\"elementor-element elementor-element-7f85bd10 elementor-widget elementor-widget-heading\" data-id=\"7f85bd10\" data-element_type=\"widget\" data-widget_type=\"heading.default\">\n\t\t\t\t<div class=\"elementor-widget-container\">\n\t\t\t<h3 class=\"elementor-heading-title elementor-size-large\">la frequence<\/h3>\t\t<\/div>\n\t\t\t\t<\/div>\n\t\t\t\t<div class=\"elementor-element elementor-element-2fdd6a86 elementor-widget-divider--view-line elementor-widget elementor-widget-divider\" data-id=\"2fdd6a86\" data-element_type=\"widget\" data-widget_type=\"divider.default\">\n\t\t\t\t<div class=\"elementor-widget-container\">\n\t\t\t\t\t<div class=\"elementor-divider\">\n\t\t\t<span class=\"elementor-divider-separator\">\n\t\t\t\t\t\t<\/span>\n\t\t<\/div>\n\t\t\t\t<\/div>\n\t\t\t\t<\/div>\n\t\t\t\t<div class=\"elementor-element elementor-element-4e579c8c elementor-widget elementor-widget-text-editor\" data-id=\"4e579c8c\" data-element_type=\"widget\" data-widget_type=\"text-editor.default\">\n\t\t\t\t<div class=\"elementor-widget-container\">\n\t\t\t\t\t<div class=\"elementor-text-editor elementor-clearfix\"><p>Nous la d\u00e9finissons ensemble.<\/p><p>Sentez-vous libre d&rsquo;aborder le sujet avec moi si cela vous questionne.<\/p><\/div>\n\t\t\t\t<\/div>\n\t\t\t\t<\/div>\n\t\t\t\t\t\t<\/div>\n\t\t\t\t\t<\/div>\n\t\t<\/div>\n\t\t\t\t<div class=\"elementor-column elementor-col-50 elementor-inner-column elementor-element elementor-element-7d350c70\" data-id=\"7d350c70\" data-element_type=\"column\">\n\t\t\t<div class=\"elementor-column-wrap elementor-element-populated\">\n\t\t\t\t\t\t\t<div class=\"elementor-widget-wrap\">\n\t\t\t\t\t\t<div class=\"elementor-element elementor-element-5ab89fd elementor-widget elementor-widget-image\" data-id=\"5ab89fd\" data-element_type=\"widget\" data-widget_type=\"image.default\">\n\t\t\t\t<div class=\"elementor-widget-container\">\n\t\t\t\t\t<div class=\"elementor-image\">\n\t\t\t\t\t\t\t\t\t\t<img width=\"640\" height=\"426\" src=\"https:\/\/psychologuerodez.fr\/wp-content\/uploads\/2021\/03\/organizer-791939_640.jpg\" class=\"attachment-large size-large\" alt=\"\" loading=\"lazy\" srcset=\"https:\/\/psychologuerodez.fr\/wp-content\/uploads\/2021\/03\/organizer-791939_640.jpg 640w, https:\/\/psychologuerodez.fr\/wp-content\/uploads\/2021\/03\/organizer-791939_640-300x200.jpg 300w\" sizes=\"(max-width: 640px) 100vw, 640px\" \/>\t\t\t\t\t\t\t\t\t\t\t<\/div>\n\t\t\t\t<\/div>\n\t\t\t\t<\/div>\n\t\t\t\t\t\t<\/div>\n\t\t\t\t\t<\/div>\n\t\t<\/div>\n\t\t\t\t\t\t\t\t<\/div>\n\t\t\t\t\t<\/div>\n\t\t<\/section>\n\t\t\t\t\t\t<\/div>\n\t\t\t\t\t<\/div>\n\t\t<\/div>\n\t\t\t\t\t\t\t\t<\/div>\n\t\t\t\t\t<\/div>\n\t\t<\/section>\n\t\t\t\t<section class=\"elementor-section elementor-top-section elementor-element elementor-element-56f8c905 elementor-section-content-middle elementor-section-boxed elementor-section-height-default elementor-section-height-default\" data-id=\"56f8c905\" data-element_type=\"section\" data-settings=\"{&quot;background_background&quot;:&quot;classic&quot;}\">\n\t\t\t\t\t\t\t<div class=\"elementor-background-overlay\"><\/div>\n\t\t\t\t\t\t\t<div class=\"elementor-container elementor-column-gap-default\">\n\t\t\t\t\t\t\t<div class=\"elementor-row\">\n\t\t\t\t\t<div class=\"elementor-column elementor-col-100 elementor-top-column elementor-element elementor-element-193cfdce\" data-id=\"193cfdce\" data-element_type=\"column\">\n\t\t\t<div class=\"elementor-column-wrap elementor-element-populated\">\n\t\t\t\t\t\t\t<div class=\"elementor-widget-wrap\">\n\t\t\t\t\t\t<div class=\"elementor-element elementor-element-12895650 elementor-widget elementor-widget-heading\" data-id=\"12895650\" data-element_type=\"widget\" data-widget_type=\"heading.default\">\n\t\t\t\t<div class=\"elementor-widget-container\">\n\t\t\t<h2 class=\"elementor-heading-title elementor-size-large\">Les tarifs<\/h2>\t\t<\/div>\n\t\t\t\t<\/div>\n\t\t\t\t<div class=\"elementor-element elementor-element-29e08000 elementor-widget elementor-widget-text-editor\" data-id=\"29e08000\" data-element_type=\"widget\" data-widget_type=\"text-editor.default\">\n\t\t\t\t<div class=\"elementor-widget-container\">\n\t\t\t\t\t<div class=\"elementor-text-editor elementor-clearfix\"><ul><li><b>Un entretien pr\u00e9sentiel = 60 euros *<\/b><\/li><li><b>Un entretien en ligne = 55 euros *<\/b><\/li><li><span style=\"font-size: 17px;\"><b>Bilan psychom\u00e9trique (WISC V, WAIS IV) = 280 euros *<\/b>. S<\/span>ont compris dans ce tarif : l&rsquo;entretien de passation du test + le travail de cotation, analyse, interpr\u00e9tation + l&rsquo;entretien de restitution des r\u00e9sultats avec pr\u00e9conisations, conseils et \u00e9ventuellement orientations.<\/li><\/ul><\/div>\n\t\t\t\t<\/div>\n\t\t\t\t<\/div>\n\t\t\t\t<div class=\"elementor-element elementor-element-873389f elementor-widget elementor-widget-text-editor\" data-id=\"873389f\" data-element_type=\"widget\" data-widget_type=\"text-editor.default\">\n\t\t\t\t<div class=\"elementor-widget-container\">\n\t\t\t\t\t<div class=\"elementor-text-editor elementor-clearfix\"><p><strong>* <span style=\"text-decoration: underline;\">IMPORTANT :<\/span><\/strong>&nbsp;La plupart des mutuelles ou assurances pratiquent, d\u00e9sormais, des remboursements en partie ou en totalit\u00e9 sur un certain nombre de s\u00e9ances. N&rsquo;h\u00e9sitez pas \u00e0 vous rapprochez de votre organisme afin de voir quelles sont vos possibilit\u00e9s. Toutefois, si le prix venait \u00e0 constituer un frein \u00e0 la prise en charge ou \u00e0 la passation de tests, n&rsquo;h\u00e9sitez pas en m&rsquo;en parler. Le r\u00e8glement des bilans peut, par exemple, se faire en plusieurs fois.<\/p><\/div>\n\t\t\t\t<\/div>\n\t\t\t\t<\/div>\n\t\t\t\t<div class=\"elementor-element elementor-element-4cb57023 elementor-widget elementor-widget-spacer\" data-id=\"4cb57023\" data-element_type=\"widget\" data-widget_type=\"spacer.default\">\n\t\t\t\t<div class=\"elementor-widget-container\">\n\t\t\t\t\t<div class=\"elementor-spacer\">\n\t\t\t<div class=\"elementor-spacer-inner\"><\/div>\n\t\t<\/div>\n\t\t\t\t<\/div>\n\t\t\t\t<\/div>\n\t\t\t\t<div class=\"elementor-element elementor-element-2289cb79 elementor-arrows-position-outside elementor-widget elementor-widget-image-carousel\" data-id=\"2289cb79\" data-element_type=\"widget\" data-settings=\"{&quot;slides_to_show&quot;:&quot;3&quot;,&quot;slides_to_scroll&quot;:&quot;2&quot;,&quot;navigation&quot;:&quot;arrows&quot;,&quot;autoplay&quot;:&quot;no&quot;,&quot;speed&quot;:1000,&quot;infinite&quot;:&quot;yes&quot;,&quot;image_spacing_custom&quot;:{&quot;unit&quot;:&quot;px&quot;,&quot;size&quot;:20,&quot;sizes&quot;:[]}}\" data-widget_type=\"image-carousel.default\">\n\t\t\t\t<div class=\"elementor-widget-container\">\n\t\t\t\t\t<div class=\"elementor-image-carousel-wrapper swiper-container\" dir=\"ltr\">\n\t\t\t<div class=\"elementor-image-carousel swiper-wrapper\">\n\t\t\t\t<div class=\"swiper-slide\"><figure class=\"swiper-slide-inner\"><img class=\"swiper-slide-image\" src=\"https:\/\/psychologuerodez.fr\/wp-content\/uploads\/2021\/03\/istockphoto-1301749574-612x612-1.jpg\" alt=\"Happy father and his son having a meeting at school principal&#039;s office.\" \/><\/figure><\/div><div class=\"swiper-slide\"><figure class=\"swiper-slide-inner\"><img class=\"swiper-slide-image\" src=\"https:\/\/psychologuerodez.fr\/wp-content\/uploads\/2021\/03\/istockphoto-1138981950-612x612-1.jpg\" alt=\"Smiling senior woman and her daughter using tablet computer. Mother and daughter sitting on couch with home interior in background. Technology concept.\" \/><\/figure><\/div><div class=\"swiper-slide\"><figure class=\"swiper-slide-inner\"><img class=\"swiper-slide-image\" src=\"https:\/\/psychologuerodez.fr\/wp-content\/uploads\/2021\/03\/istockphoto-858352516-612x612-1.jpg\" alt=\"soulful moment. portrait of mother and her beloved son with disability in rehabilitation center\" \/><\/figure><\/div><div class=\"swiper-slide\"><figure class=\"swiper-slide-inner\"><img class=\"swiper-slide-image\" src=\"https:\/\/psychologuerodez.fr\/wp-content\/uploads\/2021\/03\/istockphoto-680535874-612x612-1.jpg\" alt=\"Mother is helping little boy doing homework at home. In the background elder sister is also doing her homework.\" \/><\/figure><\/div><div class=\"swiper-slide\"><figure class=\"swiper-slide-inner\"><img class=\"swiper-slide-image\" src=\"https:\/\/psychologuerodez.fr\/wp-content\/uploads\/2021\/03\/istockphoto-1133618966-612x612-1.jpg\" alt=\"Vector illustration showing orange head with brain and charts of a different brain waves: Alpha, beta, theta and delta waves.\" \/><\/figure><\/div><div class=\"swiper-slide\"><figure class=\"swiper-slide-inner\"><img class=\"swiper-slide-image\" src=\"https:\/\/psychologuerodez.fr\/wp-content\/uploads\/2021\/03\/rorschach-5871521_1920.jpg\" alt=\"rorschach-5871521_1920\" \/><\/figure><\/div>\t\t\t<\/div>\n\t\t\t\t\t\t\t\t\t\t\t\t\t\t\t\t<div class=\"elementor-swiper-button elementor-swiper-button-prev\">\n\t\t\t\t\t\t<i class=\"eicon-chevron-left\" aria-hidden=\"true\"><\/i>\n\t\t\t\t\t\t<span class=\"elementor-screen-only\">Pr\u00e9c\u00e9dent<\/span>\n\t\t\t\t\t<\/div>\n\t\t\t\t\t<div class=\"elementor-swiper-button elementor-swiper-button-next\">\n\t\t\t\t\t\t<i class=\"eicon-chevron-right\" aria-hidden=\"true\"><\/i>\n\t\t\t\t\t\t<span class=\"elementor-screen-only\">Suivant<\/span>\n\t\t\t\t\t<\/div>\n\t\t\t\t\t\t\t\t\t<\/div>\n\t\t\t\t<\/div>\n\t\t\t\t<\/div>\n\t\t\t\t<div class=\"elementor-element elementor-element-5943b935 elementor-widget elementor-widget-spacer\" data-id=\"5943b935\" data-element_type=\"widget\" data-widget_type=\"spacer.default\">\n\t\t\t\t<div class=\"elementor-widget-container\">\n\t\t\t\t\t<div class=\"elementor-spacer\">\n\t\t\t<div class=\"elementor-spacer-inner\"><\/div>\n\t\t<\/div>\n\t\t\t\t<\/div>\n\t\t\t\t<\/div>\n\t\t\t\t<div class=\"elementor-element elementor-element-2ac5694b elementor-align-center elementor-widget elementor-widget-button\" data-id=\"2ac5694b\" data-element_type=\"widget\" data-widget_type=\"button.default\">\n\t\t\t\t<div class=\"elementor-widget-container\">\n\t\t\t\t\t<div class=\"elementor-button-wrapper\">\n\t\t\t<a href=\"http:\/\/psychologuerodez.fr\/?page_id=63\" class=\"elementor-button-link elementor-button elementor-size-sm\" role=\"button\">\n\t\t\t\t\t\t<span class=\"elementor-button-content-wrapper\">\n\t\t\t\t\t\t<span class=\"elementor-button-text\">Prendre rendez-vous<\/span>\n\t\t<\/span>\n\t\t\t\t\t<\/a>\n\t\t<\/div>\n\t\t\t\t<\/div>\n\t\t\t\t<\/div>\n\t\t\t\t\t\t<\/div>\n\t\t\t\t\t<\/div>\n\t\t<\/div>\n\t\t\t\t\t\t\t\t<\/div>\n\t\t\t\t\t<\/div>\n\t\t<\/section>\n\t\t\t\t\t\t<\/div>\n\t\t\t\t\t\t<\/div>\n\t\t\t\t\t<\/div>\n\t\t","protected":false},"excerpt":{"rendered":"<p>La consultation \u00ab\u00a0Parler, c&rsquo;est agir : toute chose qu&rsquo;on nomme n&rsquo;est d\u00e9j\u00e0 plus tout \u00e0 fait la m\u00eame chose\u00a0\u00bb.&nbsp; Jean-Paul SARTRE le 1er entretien La 1\u00e8re consultation est avant tout une rencontre. Lors de cette 1\u00e8re prise de contact, je vous invite \u00e0 exposer les raisons qui vous am\u00e8nent \u00e0 consulter.\u00a0 Il s&rsquo;agira, alors, d&rsquo;accueillir [&hellip;]<\/p>\n","protected":false},"author":1,"featured_media":0,"parent":0,"menu_order":0,"comment_status":"closed","ping_status":"closed","template":"","meta":{"spay_email":""},"_links":{"self":[{"href":"https:\/\/psychologuerodez.fr\/index.php?rest_route=\/wp\/v2\/pages\/227"}],"collection":[{"href":"https:\/\/psychologuerodez.fr\/index.php?rest_route=\/wp\/v2\/pages"}],"about":[{"href":"https:\/\/psychologuerodez.fr\/index.php?rest_route=\/wp\/v2\/types\/page"}],"author":[{"embeddable":true,"href":"https:\/\/psychologuerodez.fr\/index.php?rest_route=\/wp\/v2\/users\/1"}],"replies":[{"embeddable":true,"href":"https:\/\/psychologuerodez.fr\/index.php?rest_route=%2Fwp%2Fv2%2Fcomments&post=227"}],"version-history":[{"count":75,"href":"https:\/\/psychologuerodez.fr\/index.php?rest_route=\/wp\/v2\/pages\/227\/revisions"}],"predecessor-version":[{"id":546,"href":"https:\/\/psychologuerodez.fr\/index.php?rest_route=\/wp\/v2\/pages\/227\/revisions\/546"}],"wp:attachment":[{"href":"https:\/\/psychologuerodez.fr\/index.php?rest_route=%2Fwp%2Fv2%2Fmedia&parent=227"}],"curies":[{"name":"wp","href":"https:\/\/api.w.org\/{rel}","templated":true}]}}